285.
5, 13, 29, 241
What are the prime factors of 773606?
2, 613, 631
What are the prime factors of 9094684?
2, 2273671
What are the prime factors of 780819?
3, 13, 20021
List the prime factors of 311301.
3, 34589
List the prime factors of 248920.
2, 5, 7, 127
List the prime factors of 6630188.
2, 163, 10169
What are the prime factors of 2676660?
2, 3, 5, 7, 6373
What are the prime factors of 1006519?
17, 59207
What are the prime factors of 443753?
443753
List the prime factors of 315955.
5, 29, 2179
What are the prime factors of 110950?
2, 5, 7, 317
List the prime factors of 7941628.
2, 1985407
What are the prime factors of 8829722?
2, 11, 271, 1481
List the prime factors of 158841.
3, 37, 53
What are the prime factors of 27896?
2, 11, 317
What are the prime factors of 67977?
3, 7, 13, 83
List the prime factors of 11177867.
461, 24247
List the prime factors of 243065.
5, 173, 281
List the prime factors of 1546145.
5, 191, 1619
What are the prime factors of 180736?
2, 353
What are the prime factors of 189902?
2, 94951
What are the prime factors of 5118274?
2, 7, 365591
List the prime factors of 23400.
2, 3, 5, 13
List the prime factors of 2168400.
2, 3, 5, 13, 139
What are the prime factors of 596807?
463, 1289
What are the prime factors of 661470?
2, 3, 5, 17, 1297
List the prime factors of 704282.
2, 349, 1009
List the prime factors of 522278.
2, 43, 6073
What are the prime factors of 45770?
2, 5, 23, 199
List the prime factors of 1335406.
2, 59, 11317
List the prime factors of 2151614.
2, 1075807
What are the prime factors of 4218951?
3, 11, 173, 739
What are the prime factors of 152418?
2, 3, 7, 19, 191
What are the prime factors of 2724830?
2, 5, 521, 523
List the prime factors of 371061.
3, 509
List the prime factors of 2221028.
2, 555257
What are the prime factors of 1402008?
2, 3, 58417
What are the prime factors of 1778098?
2, 7, 17, 31, 241
List the prime factors of 1594224.
2, 3, 11071
List the prime factors of 2790345.
3, 5, 186023
What are the prime factors of 127619?
17, 7507
List the prime factors of 31163719.
29, 883, 1217
What are the prime factors of 1012173?
3, 61, 5531
What are the prime factors of 3264788?
2, 193, 4229
List the prime factors of 1052801.
1052801
List the prime factors of 1778346.
2, 3, 31, 3187
List the prime factors of 5623888.
2, 41, 8573
What are the prime factors of 14183514?
2, 3, 787973
What are the prime factors of 173641?
13, 19, 37
What are the prime factors of 1607438?
2, 7, 19, 6043
List the prime factors of 288897.
3, 7, 13757
List the prime factors of 125386.
2, 71, 883
What are the prime factors of 396862?
2, 31, 37, 173
What are the prime factors of 13929075?
3, 5, 31, 1997
What are the prime factors of 24202922?
2, 19, 636919
List the prime factors of 728355.
3, 5, 59, 823
What are the prime factors of 5565795?
3, 5, 53, 7001
List the prime factors of 3477226.
2, 1738613
List the prime factors of 467624.
2, 58453
List the prime factors of 2548473.
3, 547, 1553
List the prime factors of 666617.
7, 95231
What are the prime factors of 864959?
864959
List the prime factors of 62849.
17, 3697
List the prime factors of 15328950.
2, 3, 5, 7, 13, 1123
What are the prime factors of 69954?
2, 3, 89, 131
What are the prime factors of 6470422?
2, 7, 29, 15937
What are the prime factors of 299170?
2, 5, 29917
What are the prime factors of 26752054?
2, 7, 1061, 1801
List the prime factors of 390957.
3, 7, 18617
List the prime factors of 710522.
2, 355261
List the prime factors of 708429.
3, 236143
List the prime factors of 2951378.
2, 907, 1627
What are the prime factors of 1382843?
7, 11, 17959
What are the prime factors of 4397125?
5, 29, 1213
What are the prime factors of 164076?
2, 3, 11, 113
What are the prime factors of 149513?
7, 13, 31, 53
What are the prime factors of 1043168?
2, 7, 4657
What are the prime factors of 5243611?
5243611
What are the prime factors of 889826?
2, 7, 63559
List the prime factors of 5126823.
3, 13, 29, 1511
What are the prime factors of 615541?
137, 4493
What are the prime factors of 136945?
5, 61, 449
List the prime factors of 4781908.
2, 1195477
What are the prime factors of 161896?
2, 7, 59
What are the prime factors of 21681?
3, 11, 73
What are the prime factors of 346754?
2, 281, 617
What are the prime factors of 177436?
2, 7, 6337
What are the prime factors of 1154923?
7, 11, 53, 283
What are the prime factors of 34542733?
34542733
List the prime factors of 231937.
41, 5657
What are the prime factors of 1993520?
2, 5, 24919
What are the prime factors of 42147406?
2, 7, 3010529
What are the prime factors of 2213109?
3, 81967
List the prime factors of 2225612.
2, 556403
List the prime factors of 246729.
3, 7, 31, 379
List the prime factors of 220889.
220889
List the prime factors of 574003.
574003
What are the prime factors of 2997901?
2997901
What are the prime factors of 343763?
7, 49109
List the prime factors of 7288166.
2, 151, 24133
List the prime factors of 155097.
3, 19, 907
What are the prime factors of 186455?
5, 89, 419
List the prime factors of 1382487.
3, 460829
List the prime factors of 440916.
2, 3, 7, 29, 181
List the prime factors of 4970862.
2, 3, 13, 73, 97
What are the prime factors of 29439839?
11, 13, 23, 8951
List the prime factors of 7527770.
2, 5, 17, 44281
What are the prime factors of 12305381?
11, 53, 21107
List the prime factors of 5744476.
2, 59, 101, 241
List the prime factors of 49712.
2, 13, 239
What are the prime factors of 1145414?
2, 572707
List the prime factors of 6119036.
2, 7, 11, 19867
List the prime factors of 2071838.
2, 269, 3851
List the prime factors of 265715.
5, 19, 2797
List the prime factors of 184370.
2, 5, 103, 179
List the prime factors of 333575.
5, 11, 1213
List the prime factors of 2303193.
3, 179, 4289
List the prime factors of 153300.
2, 3, 5, 7, 73
List the prime factors of 605477.
605477
List the prime factors of 4291991.
11, 79, 449
What are the prime factors of 455282?
2, 233, 977
List the prime factors of 4014697.
53, 211, 359
What are the prime factors of 5200717?
109, 47713
List the prime factors of 249639.
3, 13, 37, 173
What are the prime factors of 2333561?
19, 122819
List the prime factors of 20490420.
2, 3, 5, 341507
What are the prime factors of 369062?
2, 127, 1453
List the prime factors of 938720.
2, 5, 5867
What are the prime factors of 1410285?
3, 5, 149, 631
What are the prime factors of 1738926?
2, 3, 7, 37, 373
What are the prime factors of 4468476?
2, 3, 73, 5101
What are the prime factors of 40501226?
2, 29, 698297
List the prime factors of 1991420.
2, 5, 99571
List the prime factors of 52903.
52903
What are the prime factors of 38150835?
3, 5, 2543389
What are the prime factors of 11393491?
29, 392879
What are the prime factors of 50573?
103, 491
What are the prime factors of 2234869?
7, 13, 41, 599
List the prime factors of 170401.
7, 11, 2213
What are the prime factors of 16240295?
5, 101, 32159
What are the prime factors of 157144?
2, 13, 1511
List the prime factors of 1888316.
2, 61, 71, 109
What are the prime factors of 389011?
7, 17, 467
List the prime factors of 661905.
3, 5, 4903
What are the prime factors of 2480145?
3, 5, 165343
What are the prime factors of 22473621?
3, 811, 3079
List the prime factors of 83238.
2, 3, 13873
List the prime factors of 87061.
13, 37, 181
List the prime factors of 216418.
2, 241, 449
What are the prime factors of 300632?
2, 37579
List the prime factors of 572546.
2, 13, 19, 61
List the prime factors of 567160.
2, 5, 11, 1289
What are the prime factors of 21542441?
43, 157, 3191
List the prime factors of 872493.
3, 337, 863
List the prime factors of 5020.
2, 5, 251
What are the prime factors of 7744653?
3, 7, 29, 157
What are the prime factors of 441009?
3, 19, 2579
What are the prime factors of 691429?
19, 151, 241
What are the prime factors of 418058?
2, 209029
What are the prime factors of 5900366?
2, 2950183
What are the prime factors of 2227696?
2, 37, 53, 71
List the prime factors of 73092.
2, 3, 6091
What are the prime factors of 54472?
2, 11, 619
List the prime factors of 831892.
2, 207973
What are the prime factors of 162553?
162553
List the prime factors of 43733.
101, 433
What are the prime factors of 16108979?
17, 19, 53, 941
What a